{"id":4473,"date":"2021-12-01T11:59:31","date_gmt":"2021-12-01T10:59:31","guid":{"rendered":"http:\/\/tobiseskader.se\/?page_id=4473"},"modified":"2021-12-01T12:20:08","modified_gmt":"2021-12-01T11:20:08","slug":"maskerad-10-ar","status":"publish","type":"page","link":"https:\/\/tobiseskader.se\/?page_id=4473","title":{"rendered":"2007 Maskerad 10 \u00e5r"},"content":{"rendered":"<p>H\u00f6sten 2007 firade Tobis Eskaderklubb 10 \u00e5rsjubileum i form av en maskerad. P\u00e5 bilderna kan man se n\u00e5gra av klubbens medlemmar i fantasifulla tobiskostymer.<\/p>\n<div id=\"attachment_4474\" style=\"width: 594px\" class=\"wp-caption aligncenter\"><a href=\"http:\/\/media.tobiseskader.se\/2021\/12\/ba\u030atrace-scaled.jpg\"><img loading=\"lazy\" decoding=\"async\" aria-describedby=\"caption-attachment-4474\" class=\"wp-image-4474 size-large\" src=\"http:\/\/media.tobiseskader.se\/2021\/12\/ba\u030atrace-1000x664.jpg\" alt=\"\" width=\"584\" height=\"388\" srcset=\"https:\/\/media.tobiseskader.se\/2021\/12\/ba\u030atrace-1000x664.jpg 1000w, https:\/\/media.tobiseskader.se\/2021\/12\/ba\u030atrace-300x199.jpg 300w, https:\/\/media.tobiseskader.se\/2021\/12\/ba\u030atrace-768x510.jpg 768w, https:\/\/media.tobiseskader.se\/2021\/12\/ba\u030atrace-1536x1020.jpg 1536w, https:\/\/media.tobiseskader.se\/2021\/12\/ba\u030atrace-2048x1360.jpg 2048w, https:\/\/media.tobiseskader.se\/2021\/12\/ba\u030atrace-452x300.jpg 452w\" sizes=\"auto, (max-width: 584px) 100vw, 584px\" \/><\/a><p id=\"caption-attachment-4474\" class=\"wp-caption-text\">B\u00e5trace med t\u00e4vlande fr\u00e5n v\u00e4nster: Eckart Voss, Monica Florvall, Marianne Hagstr\u00f6mer<\/p><\/div>\n<div id=\"attachment_4479\" style=\"width: 594px\" class=\"wp-caption aligncenter\"><a href=\"http:\/\/media.tobiseskader.se\/2021\/12\/tobisdans-scaled.jpg\"><img loading=\"lazy\" decoding=\"async\" aria-describedby=\"caption-attachment-4479\" class=\"size-large wp-image-4479\" src=\"http:\/\/media.tobiseskader.se\/2021\/12\/tobisdans-664x1000.jpg\" alt=\"\" width=\"584\" height=\"880\" srcset=\"https:\/\/media.tobiseskader.se\/2021\/12\/tobisdans-664x1000.jpg 664w, https:\/\/media.tobiseskader.se\/2021\/12\/tobisdans-199x300.jpg 199w, https:\/\/media.tobiseskader.se\/2021\/12\/tobisdans-768x1156.jpg 768w, https:\/\/media.tobiseskader.se\/2021\/12\/tobisdans-1020x1536.jpg 1020w, https:\/\/media.tobiseskader.se\/2021\/12\/tobisdans-1360x2048.jpg 1360w, https:\/\/media.tobiseskader.se\/2021\/12\/tobisdans-scaled.jpg 1700w\" sizes=\"auto, (max-width: 584px) 100vw, 584px\" \/><\/a><p id=\"caption-attachment-4479\" class=\"wp-caption-text\">Calle Wennerholm och Karin H\u00e5kansson som dansandes tobisgrisslor med r\u00f6da ben.<\/p><\/div>\n<div id=\"attachment_4476\" style=\"width: 594px\" class=\"wp-caption aligncenter\"><a href=\"http:\/\/media.tobiseskader.se\/2021\/12\/havso\u0308rn-scaled.jpg\"><img loading=\"lazy\" decoding=\"async\" aria-describedby=\"caption-attachment-4476\" class=\"wp-image-4476 size-large\" src=\"http:\/\/media.tobiseskader.se\/2021\/12\/havso\u0308rn-664x1000.jpg\" alt=\"\" width=\"584\" height=\"880\" srcset=\"https:\/\/media.tobiseskader.se\/2021\/12\/havso\u0308rn-664x1000.jpg 664w, https:\/\/media.tobiseskader.se\/2021\/12\/havso\u0308rn-199x300.jpg 199w, https:\/\/media.tobiseskader.se\/2021\/12\/havso\u0308rn-768x1156.jpg 768w, https:\/\/media.tobiseskader.se\/2021\/12\/havso\u0308rn-1020x1536.jpg 1020w, https:\/\/media.tobiseskader.se\/2021\/12\/havso\u0308rn-1360x2048.jpg 1360w, https:\/\/media.tobiseskader.se\/2021\/12\/havso\u0308rn-scaled.jpg 1700w\" sizes=\"auto, (max-width: 584px) 100vw, 584px\" \/><\/a><p id=\"caption-attachment-4476\" class=\"wp-caption-text\">Ledartobis JanGunnar Persson utkl\u00e4dd till havs\u00f6rn<\/p><\/div>\n<div id=\"attachment_4475\" style=\"width: 594px\" class=\"wp-caption aligncenter\"><a href=\"http:\/\/media.tobiseskader.se\/2021\/12\/Gudingen-scaled.jpg\"><img loading=\"lazy\" decoding=\"async\" aria-describedby=\"caption-attachment-4475\" class=\"size-large wp-image-4475\" src=\"http:\/\/media.tobiseskader.se\/2021\/12\/Gudingen-664x1000.jpg\" alt=\"\" width=\"584\" height=\"880\" srcset=\"https:\/\/media.tobiseskader.se\/2021\/12\/Gudingen-664x1000.jpg 664w, https:\/\/media.tobiseskader.se\/2021\/12\/Gudingen-199x300.jpg 199w, https:\/\/media.tobiseskader.se\/2021\/12\/Gudingen-768x1156.jpg 768w, https:\/\/media.tobiseskader.se\/2021\/12\/Gudingen-1020x1536.jpg 1020w, https:\/\/media.tobiseskader.se\/2021\/12\/Gudingen-1360x2048.jpg 1360w, https:\/\/media.tobiseskader.se\/2021\/12\/Gudingen-scaled.jpg 1700w\" sizes=\"auto, (max-width: 584px) 100vw, 584px\" \/><\/a><p id=\"caption-attachment-4475\" class=\"wp-caption-text\">&#8230; och hustru Anna Karin Aminoff till \u00e5da.<\/p><\/div>\n<div id=\"attachment_4477\" style=\"width: 594px\" class=\"wp-caption aligncenter\"><a href=\"http:\/\/media.tobiseskader.se\/2021\/12\/la\u030aa\u030aa\u030angtobis-scaled.jpg\"><img loading=\"lazy\" decoding=\"async\" aria-describedby=\"caption-attachment-4477\" class=\"wp-image-4477 size-large\" src=\"http:\/\/media.tobiseskader.se\/2021\/12\/la\u030aa\u030aa\u030angtobis-664x1000.jpg\" alt=\"\" width=\"584\" height=\"880\" srcset=\"https:\/\/media.tobiseskader.se\/2021\/12\/la\u030aa\u030aa\u030angtobis-664x1000.jpg 664w, https:\/\/media.tobiseskader.se\/2021\/12\/la\u030aa\u030aa\u030angtobis-199x300.jpg 199w, https:\/\/media.tobiseskader.se\/2021\/12\/la\u030aa\u030aa\u030angtobis-768x1156.jpg 768w, https:\/\/media.tobiseskader.se\/2021\/12\/la\u030aa\u030aa\u030angtobis-1020x1536.jpg 1020w, https:\/\/media.tobiseskader.se\/2021\/12\/la\u030aa\u030aa\u030angtobis-1360x2048.jpg 1360w, https:\/\/media.tobiseskader.se\/2021\/12\/la\u030aa\u030aa\u030angtobis-scaled.jpg 1700w\" sizes=\"auto, (max-width: 584px) 100vw, 584px\" \/><\/a><p id=\"caption-attachment-4477\" class=\"wp-caption-text\">Eskil Florvall med sin h\u00f6ga l\u00e5ngtobis hatt<\/p><\/div>\n<div id=\"attachment_4480\" style=\"width: 594px\" class=\"wp-caption aligncenter\"><a href=\"http:\/\/media.tobiseskader.se\/2021\/12\/venetianartobis-o-urtobis-scaled.jpg\"><img loading=\"lazy\" decoding=\"async\" aria-describedby=\"caption-attachment-4480\" class=\"wp-image-4480 size-large\" src=\"http:\/\/media.tobiseskader.se\/2021\/12\/venetianartobis-o-urtobis-1000x664.jpg\" alt=\"\" width=\"584\" height=\"388\" srcset=\"https:\/\/media.tobiseskader.se\/2021\/12\/venetianartobis-o-urtobis-1000x664.jpg 1000w, https:\/\/media.tobiseskader.se\/2021\/12\/venetianartobis-o-urtobis-300x199.jpg 300w, https:\/\/media.tobiseskader.se\/2021\/12\/venetianartobis-o-urtobis-768x510.jpg 768w, https:\/\/media.tobiseskader.se\/2021\/12\/venetianartobis-o-urtobis-1536x1020.jpg 1536w, https:\/\/media.tobiseskader.se\/2021\/12\/venetianartobis-o-urtobis-2048x1360.jpg 2048w, https:\/\/media.tobiseskader.se\/2021\/12\/venetianartobis-o-urtobis-452x300.jpg 452w\" sizes=\"auto, (max-width: 584px) 100vw, 584px\" \/><\/a><p id=\"caption-attachment-4480\" class=\"wp-caption-text\">Venetianaren Hans Bergman<\/p><\/div>\n<div id=\"attachment_4478\" style=\"width: 594px\" class=\"wp-caption aligncenter\"><a href=\"http:\/\/media.tobiseskader.se\/2021\/12\/tobisclown-scaled.jpg\"><img loading=\"lazy\" decoding=\"async\" aria-describedby=\"caption-attachment-4478\" class=\"wp-image-4478 size-large\" src=\"http:\/\/media.tobiseskader.se\/2021\/12\/tobisclown-664x1000.jpg\" alt=\"\" width=\"584\" height=\"880\" srcset=\"https:\/\/media.tobiseskader.se\/2021\/12\/tobisclown-664x1000.jpg 664w, https:\/\/media.tobiseskader.se\/2021\/12\/tobisclown-199x300.jpg 199w, https:\/\/media.tobiseskader.se\/2021\/12\/tobisclown-768x1156.jpg 768w, https:\/\/media.tobiseskader.se\/2021\/12\/tobisclown-1020x1536.jpg 1020w, https:\/\/media.tobiseskader.se\/2021\/12\/tobisclown-1360x2048.jpg 1360w, https:\/\/media.tobiseskader.se\/2021\/12\/tobisclown-scaled.jpg 1700w\" sizes=\"auto, (max-width: 584px) 100vw, 584px\" \/><\/a><p id=\"caption-attachment-4478\" class=\"wp-caption-text\">Clownen Henrik H\u00e5kansson<\/p><\/div>\n","protected":false},"excerpt":{"rendered":"<p>H\u00f6sten 2007 firade Tobis Eskaderklubb 10 \u00e5rsjubileum i form av en maskerad. P\u00e5 bilderna kan man se n\u00e5gra av klubbens medlemmar i fantasifulla tobiskostymer.<\/p>\n","protected":false},"author":2,"featured_media":0,"parent":892,"menu_order":0,"comment_status":"closed","ping_status":"closed","template":"","meta":{"ngg_post_thumbnail":0,"footnotes":""},"class_list":["post-4473","page","type-page","status-publish","hentry"],"_links":{"self":[{"href":"https:\/\/tobiseskader.se\/index.php?rest_route=\/wp\/v2\/pages\/4473","targetHints":{"allow":["GET"]}}],"collection":[{"href":"https:\/\/tobiseskader.se\/index.php?rest_route=\/wp\/v2\/pages"}],"about":[{"href":"https:\/\/tobiseskader.se\/index.php?rest_route=\/wp\/v2\/types\/page"}],"author":[{"embeddable":true,"href":"https:\/\/tobiseskader.se\/index.php?rest_route=\/wp\/v2\/users\/2"}],"replies":[{"embeddable":true,"href":"https:\/\/tobiseskader.se\/index.php?rest_route=%2Fwp%2Fv2%2Fcomments&post=4473"}],"version-history":[{"count":8,"href":"https:\/\/tobiseskader.se\/index.php?rest_route=\/wp\/v2\/pages\/4473\/revisions"}],"predecessor-version":[{"id":4488,"href":"https:\/\/tobiseskader.se\/index.php?rest_route=\/wp\/v2\/pages\/4473\/revisions\/4488"}],"up":[{"embeddable":true,"href":"https:\/\/tobiseskader.se\/index.php?rest_route=\/wp\/v2\/pages\/892"}],"wp:attachment":[{"href":"https:\/\/tobiseskader.se\/index.php?rest_route=%2Fwp%2Fv2%2Fmedia&parent=4473"}],"curies":[{"name":"wp","href":"https:\/\/api.w.org\/{rel}","templated":true}]}}