{"id":1642,"date":"2015-06-08T18:07:59","date_gmt":"2015-06-08T17:07:59","guid":{"rendered":"http:\/\/tobiseskader.se\/?page_id=1642"},"modified":"2017-02-05T19:01:05","modified_gmt":"2017-02-05T18:01:05","slug":"sandon-och-kyrkogardson-siarofortet","status":"publish","type":"page","link":"https:\/\/tobiseskader.se\/?page_id=1642","title":{"rendered":"2015 Sand\u00f6n och Siar\u00f6fortet med barn"},"content":{"rendered":"<h1>2015 Sand\u00f6n och Siar\u00f6fortet med barn<\/h1>\n<p>Det var 6 b\u00e5tar som deltog i \u00e5rets bl\u00e5siga &#8221;kulingeskader&#8221;. Det var Mineva, Merica II, Tindra, Martina, DiAmo och Kalypso. Vi startade fredag kv\u00e4ll p\u00e5 Sand\u00f6n med drink, grillning och n\u00e5gra lekar. P\u00e5 l\u00f6rdag f\u00f6rmiddag styrde vi kosan norrut mot Kyrkog\u00e5rds\u00f6n, d\u00e4r vi bes\u00f6kte Siar\u00f6fortet. Vi hade skattjakt, bl\u00e5ste s\u00e5pbubblor, \u00e5kte jolle och inte minst drinktime klockan 18:00. Sen under kv\u00e4llen kom vinden&#8230;.. En fin sidvind ca 15 m\/s i byarna gjorde att vi kollade f\u00f6rt\u00f6jningarna en extra g\u00e5ng. N\u00e5gra flyttade sina b\u00e5tar och p\u00e5 s\u00f6ndagmorgon blev det ett ett snart adj\u00f6 f\u00f6r alla b\u00e5tar som hade tr\u00f6ttnat p\u00e5 klucket. \u00c5rets barnbarnseskader blev mycket lyckad tycker Ulf och undertecknad med barnbarn, och riktar ett s\u00e4rskilt tack till Festtobis Anna Rindstt\u00f6m f\u00f6r fint arrangemang.    \/Elisabet Ling\u00f6<br \/>\nngg_shortcode_0_placeholder<\/p>\n","protected":false},"excerpt":{"rendered":"<p>2015 Sand\u00f6n och Siar\u00f6fortet med barn Det var 6 b\u00e5tar som deltog i \u00e5rets bl\u00e5siga &#8221;kulingeskader&#8221;. Det var Mineva, Merica II, Tindra, Martina, DiAmo och Kalypso. Vi startade fredag kv\u00e4ll p\u00e5 Sand\u00f6n med drink, grillning och n\u00e5gra lekar. P\u00e5 l\u00f6rdag &hellip; <a href=\"https:\/\/tobiseskader.se\/?page_id=1642\">Forts\u00e4tt l\u00e4sa <span class=\"meta-nav\">&rarr;<\/span><\/a><\/p>\n","protected":false},"author":3,"featured_media":0,"parent":17,"menu_order":15,"comment_status":"closed","ping_status":"closed","template":"","meta":{"ngg_post_thumbnail":0,"footnotes":""},"class_list":["post-1642","page","type-page","status-publish","hentry"],"_links":{"self":[{"href":"https:\/\/tobiseskader.se\/index.php?rest_route=\/wp\/v2\/pages\/1642","targetHints":{"allow":["GET"]}}],"collection":[{"href":"https:\/\/tobiseskader.se\/index.php?rest_route=\/wp\/v2\/pages"}],"about":[{"href":"https:\/\/tobiseskader.se\/index.php?rest_route=\/wp\/v2\/types\/page"}],"author":[{"embeddable":true,"href":"https:\/\/tobiseskader.se\/index.php?rest_route=\/wp\/v2\/users\/3"}],"replies":[{"embeddable":true,"href":"https:\/\/tobiseskader.se\/index.php?rest_route=%2Fwp%2Fv2%2Fcomments&post=1642"}],"version-history":[{"count":11,"href":"https:\/\/tobiseskader.se\/index.php?rest_route=\/wp\/v2\/pages\/1642\/revisions"}],"predecessor-version":[{"id":1761,"href":"https:\/\/tobiseskader.se\/index.php?rest_route=\/wp\/v2\/pages\/1642\/revisions\/1761"}],"up":[{"embeddable":true,"href":"https:\/\/tobiseskader.se\/index.php?rest_route=\/wp\/v2\/pages\/17"}],"wp:attachment":[{"href":"https:\/\/tobiseskader.se\/index.php?rest_route=%2Fwp%2Fv2%2Fmedia&parent=1642"}],"curies":[{"name":"wp","href":"https:\/\/api.w.org\/{rel}","templated":true}]}}