{"id":960,"date":"2013-09-05T07:28:27","date_gmt":"2013-09-05T06:28:27","guid":{"rendered":"http:\/\/tobiseskader.se\/?page_id=960"},"modified":"2017-02-05T19:03:22","modified_gmt":"2017-02-05T18:03:22","slug":"2013-ostra-gotland-bilder","status":"publish","type":"page","link":"http:\/\/tobiseskader.se\/?page_id=960","title":{"rendered":"2013 \u00d6stra Gotland bilder"},"content":{"rendered":"<p>Eskadersegling 2013 fr\u00e5n F\u00e5r\u00f6, l\u00e4ngs \u00f6stra Gotland, till Figeholm.<br \/>\nngg_shortcode_0_placeholder<br \/>\n<!-- DETTA FUNGERAR INTE L\u00c4NGRE\n[album: http:\/\/tobiseskader.se\/wp-content\/plugins\/dm-albums\/dm-albums.php?currdir=\/wp-content\/uploads\/dm-albums\/Gotland\/]\n--><\/p>\n","protected":false},"excerpt":{"rendered":"<p>Eskadersegling 2013 fr\u00e5n F\u00e5r\u00f6, l\u00e4ngs \u00f6stra Gotland, till Figeholm.<\/p>\n","protected":false},"author":3,"featured_media":0,"parent":17,"menu_order":17,"comment_status":"closed","ping_status":"closed","template":"","meta":{"ngg_post_thumbnail":0,"footnotes":""},"class_list":["post-960","page","type-page","status-publish","hentry"],"_links":{"self":[{"href":"http:\/\/tobiseskader.se\/index.php?rest_route=\/wp\/v2\/pages\/960","targetHints":{"allow":["GET"]}}],"collection":[{"href":"http:\/\/tobiseskader.se\/index.php?rest_route=\/wp\/v2\/pages"}],"about":[{"href":"http:\/\/tobiseskader.se\/index.php?rest_route=\/wp\/v2\/types\/page"}],"author":[{"embeddable":true,"href":"http:\/\/tobiseskader.se\/index.php?rest_route=\/wp\/v2\/users\/3"}],"replies":[{"embeddable":true,"href":"http:\/\/tobiseskader.se\/index.php?rest_route=%2Fwp%2Fv2%2Fcomments&post=960"}],"version-history":[{"count":5,"href":"http:\/\/tobiseskader.se\/index.php?rest_route=\/wp\/v2\/pages\/960\/revisions"}],"predecessor-version":[{"id":2405,"href":"http:\/\/tobiseskader.se\/index.php?rest_route=\/wp\/v2\/pages\/960\/revisions\/2405"}],"up":[{"embeddable":true,"href":"http:\/\/tobiseskader.se\/index.php?rest_route=\/wp\/v2\/pages\/17"}],"wp:attachment":[{"href":"http:\/\/tobiseskader.se\/index.php?rest_route=%2Fwp%2Fv2%2Fmedia&parent=960"}],"curies":[{"name":"wp","href":"https:\/\/api.w.org\/{rel}","templated":true}]}}

2013 Östra Gotland bilder

<p>Eskadersegling 2013 från Fårö, längs östra Gotland, till Figeholm.<br />
ngg_shortcode_0_placeholder<br />
<!-- DETTA FUNGERAR INTE LÄNGRE
[album: http://tobiseskader.se/wp-content/plugins/dm-albums/dm-albums.php?currdir=/wp-content/uploads/dm-albums/Gotland/]
--></p>

<p>Eskadersegling 2013 från Fårö, längs östra Gotland, till Figeholm.</p>
