{"id":12,"date":"2011-11-29T15:29:42","date_gmt":"2011-11-29T14:29:42","guid":{"rendered":"http:\/\/tobiseskader.se\/?page_id=12"},"modified":"2025-08-24T08:26:46","modified_gmt":"2025-08-24T07:26:46","slug":"start","status":"publish","type":"page","link":"http:\/\/tobiseskader.se\/","title":{"rendered":"Start"},"content":{"rendered":"<div style=\"text-align: center;\">Eskaderklubben Tobis \u00e4r en f\u00f6rening med huvudsyfte<br \/>\natt varje sommar organisera en eskadersegling.<br \/>\nAtt f\u00f6lja med p\u00e5 eskader \u00e4r <em>tryggt, roligt<\/em> och <em>l\u00e4rorikt<\/em>.<\/div>\n<div>&nbsp;<\/div>\n<div style=\"text-align: center; font-weight: bold;\">P\u00e5 \u00e5rsm\u00f6tet i oktober 2023 s\u00e5 beslutades att l\u00e4gga ned den formella f\u00f6reningen &#8221;Tobis Eskaderklubb&#8221;. Det \u00e4r dock bara den formella f\u00f6reningen enligt dess stadgar som avslutas. Seglingsverksamhet, i form av b\u00e5ttr\u00e4ffar och eskadrar, kommer att bedrivas &#8221;i Tobis anda&#8221;. Samordnare f\u00f6r detta \u00e4r Johan Wahlgren. Han kan kontaktas av alla intresserade via den tidigare befattningen &#8221;L\u00e5ngtobis&#8221; (se sidan &#8221;Om Tobis&#8221;).<\/div>\n<p><script type=\"text\/javascript\" src=\"inc\/jquery.js\"><\/script><br \/>\n<script type=\"text\/javascript\" src=\"inc\/jquery.innerfade.js\"><\/script><br \/>\n<script type=\"text\/javascript\">\n$(document).ready(function() {\n  $('#image_rotate').innerfade({speed: 'slow', timeout: 7000, type: 'sequence', containerheight: 'auto'});\n});\n<\/script><\/p>\n<div id=\"image_rotate\" style=\"list-style: none; text-align: top; min-height: 460px;\"><img decoding=\"async\" src=\"wp-content\/uploads\/start\/startbild1.jpg\" alt=\"\"><img decoding=\"async\" src=\"wp-content\/uploads\/start\/startbild2.jpg\" alt=\"\"><img decoding=\"async\" src=\"wp-content\/uploads\/start\/startbild3.jpg\" alt=\"\"><img decoding=\"async\" src=\"wp-content\/uploads\/start\/startbild4.jpg\" alt=\"\"><\/div>\n<p><script type=\"text\/javascript\">\nfunction echomail(x1) {\n  var x2 = \"tobiseskader.se\";\n  var x3 = \"@\";\n  document.write(\"<a href=\" + \"ma\" + \"ilto:\" + x1 + x3 + x2 + \">\" + x1 + x3 + x2 +\"<\/a>\");\n}\n<\/script><\/p>\n<div>Om du \u00e4r intresserad av eskadersegling och tycker Tobis-klubben verkar intressant, ta kontakt med Ledartobis (<script type=\"text\/javascript\">echomail('ledartobis');<\/script>). Man beh\u00f6ver inte vara medlem f\u00f6r att deltaga i en eskader. Det normala f\u00f6r nya medlemmar \u00e4r att f\u00f6lja med en eskader, och d\u00e4refter ans\u00f6ka om medlemskap om s\u00e5 \u00f6nskas.<\/div>\n<div>&nbsp;<\/div>\n<div style=\"text-align: center;\">L\u00e4s mer om organisation och verksamhet <a href=\"http:\/\/tobiseskader.se\/?page_id=15\">h\u00e4r<\/a><\/div>\n","protected":false},"excerpt":{"rendered":"<p>Eskaderklubben Tobis \u00e4r en f\u00f6rening med huvudsyfte att varje sommar organisera en eskadersegling. Att f\u00f6lja med p\u00e5 eskader \u00e4r tryggt, roligt och l\u00e4rorikt. &nbsp; P\u00e5 \u00e5rsm\u00f6tet i oktober 2023 s\u00e5 beslutades att l\u00e4gga ned den formella f\u00f6reningen &#8221;Tobis Eskaderklubb&#8221;. Det &hellip; <a href=\"http:\/\/tobiseskader.se\/\">Forts\u00e4tt l\u00e4sa <span class=\"meta-nav\">&rarr;<\/span><\/a><\/p>\n","protected":false},"author":2,"featured_media":0,"parent":0,"menu_order":0,"comment_status":"closed","ping_status":"closed","template":"sidebar-page.php","meta":{"ngg_post_thumbnail":0,"footnotes":""},"class_list":["post-12","page","type-page","status-publish","hentry"],"_links":{"self":[{"href":"http:\/\/tobiseskader.se\/index.php?rest_route=\/wp\/v2\/pages\/12","targetHints":{"allow":["GET"]}}],"collection":[{"href":"http:\/\/tobiseskader.se\/index.php?rest_route=\/wp\/v2\/pages"}],"about":[{"href":"http:\/\/tobiseskader.se\/index.php?rest_route=\/wp\/v2\/types\/page"}],"author":[{"embeddable":true,"href":"http:\/\/tobiseskader.se\/index.php?rest_route=\/wp\/v2\/users\/2"}],"replies":[{"embeddable":true,"href":"http:\/\/tobiseskader.se\/index.php?rest_route=%2Fwp%2Fv2%2Fcomments&post=12"}],"version-history":[{"count":83,"href":"http:\/\/tobiseskader.se\/index.php?rest_route=\/wp\/v2\/pages\/12\/revisions"}],"predecessor-version":[{"id":4624,"href":"http:\/\/tobiseskader.se\/index.php?rest_route=\/wp\/v2\/pages\/12\/revisions\/4624"}],"wp:attachment":[{"href":"http:\/\/tobiseskader.se\/index.php?rest_route=%2Fwp%2Fv2%2Fmedia&parent=12"}],"curies":[{"name":"wp","href":"https:\/\/api.w.org\/{rel}","templated":true}]}}